**2 + 23*t - 4. Let y be b(-13). Let p = -32 + y. Let r(k) = 1 - 2 + k + p. Determine r(-7).
-5
Let g be (-2)/4*(5 - 1)*1. Let q(m) be the first derivative of -m**3/3 - m**2/2 - m + 198. What is q(g)?
-3
Let w = 4580 + -4576. Let y(m) = -m**3 + 6*m**2 - 5*m + 12. What is y(w)?
24
Let m(s) = 5*s - 184. Let j(h) = 2*h - 1. Let n(a) = j(a) + m(a). Let d be n(25). Let c(t) = t**3 + 10*t**2 - 3. What is c(d)?
-3
Suppose -104*s = 42*s + 292. Let i(b) = -9*b**2 - 2*b - 5. What is i(s)?
-37
Let l(v) = 9*v + 4. Suppose -65*a + 229 = 164. Give l(a).
13
Let f(a) = 3*a. Let n(z) = 17*z**2 - 45*z + 59. Let r(j) = 3*j**2 - 9*j + 12. Let i(h) = 2*n(h) - 11*r(h). Let q be i(-10). Calculate f(q).
-12
Suppose 17*z = 65*z + 87 + 153. Let x(h) = h**3 - 3*h**2 + 4*h - 2. Let l be x(2). Let n(r) = -3*r - 1. Let p(y) = -y. Let u(m) = l*n(m) - 5*p(m). What is u(z)?
3
Let v(i) = i**2 + 30*i - 261. Let m be v(-37). Let o(t) = 14*t + 29. Determine o(m).
1
Let s(i) = -i. Let g(v) = 7*v + 4. Let z(x) = g(x) + 3*s(x). Let c be (-2 + 4 - -1)*(186 + -188). Calculate z(c).
-20
Let t(q) = -3*q**3 - 30*q**2 + 58*q - 24. Let k(a) = a**3 + 10*a**2 - 18*a + 8. Let h = 313 - 311. Let u(f) = h*t(f) + 7*k(f). What is u(-11)?
-3
Suppose -8*f - 5*j = -7*f + 1, 0 = 3*j. Let m be 0/(1/(f + 2)). Let s(w) = -w - 4. Give s(m).
-4
Let c = -363 + 365. Suppose -2*r = -r + c. Let s(f) be the first derivative of f**3 + 2*f**2 + 2*f - 1. Determine s(r).
6
Let c(g) be the first derivative of 0*g**2 - 48*g - 40 + 1/2*g**3. Let o(f) be the first derivative of c(f). Calculate o(-3).
-9
Let k(s) = -2*s**3 + 3*s**2 + s - 1. Let l be k(-1). Let o(d) = -l*d**2 + 0*d**2 - 1 + 2 + d. Let v(i) = -i**3 + 3*i**2 + 4*i - 2. Let x be v(4). Give o(x).
-13
Let f(q) be the third derivative of 0 + 1/6*q**4 - 2/3*q**3 - 4*q**2 + 1/120*q**6 + 0*q - 1/12*q**5. Let n be ((-12)/9 - 114/(-18)) + -1. What is f(n)?
-4
Let r(z) be the third derivative of -z**4/6 + z**3/2 - 4*z**2 + 104. Let l(y) = y**3 - 3*y**2 + y. Let t be l(2). Let n(m) = -3*m - 3. Let s be n(t). Give r(s).
-9
Let a(c) be the third derivative of c**4/2 + 4*c**3 - 2*c**2 - 140*c. What is a(-2)?
0
Let k = -154534 + 154540. Let s(i) be the third derivative of i**5/60 - 7*i**4/24 + 5*i**3/6 + 2*i**2. Give s(k).
-1
Let p(d) = d - 12 + 4*d - 5 + 21 - 1. What is p(-2)?
-7
Let r(q) = q**3 - q**2 - q + 11. Let a = 242 + -39. Let p = 203 - a. What is r(p)?
11
Let d(i) = -i**3 + 4*i**2 + 3*i + 4. Let j(g) = -8*g + 5 + 2 - 2 + 27*g. Let o be j(0). Determine d(o).
-6
Let v(j) = 151 - 12*j**2 + 13*j**2 - 138 + 8*j. Determine v(-6).
1
Let g(b) = 3*b - 12 - 18 - 21 + 56 - 16. What is g(4)?
1
Let i(a) = a**2 - 5*a + 4. Let m(u) = 2*u**3 + 3*u**2 + 5*u - 7. Let z be m(1). What is i(z)?
-2
Let q(d) = d. Let x(k) = -15*k + 10. Let r(o) = -10*q(o) - x(o). Suppose -4*t + 3*h + 82 = 0, -6352*h + 72 = -6356*h. Calculate r(t).
25
Let n(z) = -3*z**2 - 7*z - 10. Suppose 3*h = -2*c - 2, 3*c + 164*h - 163*h + 10 = 0. Calculate n(c).
-30
Let j(w) be the second derivative of w**5/20 - 3*w**4/4 - w**3/6 - 2*w**2 - 1491*w. Determine j(10).
86
Let t(r) = 37*r + 15 + 13*r + 4*r**2 - 63*r - 3*r**2. Let x(v) = v + 4. Let f be x(7). Give t(f).
-7
Let q(y) = y + 7. Let v be q(-9). Let o(z) be the second derivative of z**4/12 - z**3/6 + z**2/2 - 6230*z. Calculate o(v).
7
Let u(z) be the third derivative of -z**6/120 + z**5/5 + 13*z**4/24 - 3*z**3 - 4*z**2. Suppose -7*x = -12*x - 13*c + 156, 5*c - 100 = -5*x. Determine u(x).
-18
Let g(m) = 3*m**2 - m + 2. Let x(l) = -2*l**2 + l - 2. Let q(n) = -3*g(n) - 4*x(n). Suppose 5*d - 5*u = 0, 18 = -5*d - 3*u + 2. Give q(d).
0
Let l(r) = -r**3 - 8*r**2 - 10*r - 3. Suppose -3*u = 2*i - 431, -u = -4*i + 5*i - 214. Suppose i*p = 218*p + 49. Give l(p).
18
Let c be (-12)/42 - 94/14. Let w = 0 - c. Let n(r) be the first derivative of -r**3/3 + 3*r**2 + 4*r - 678. Determine n(w).
-3
Let s(t) = 6*t - 17. Let b be (9 - (-2 - -4)) + -1. Let y be s(b). Let k(c) = 43*c - 23*c - 21*c + y. Determine k(0).
19
Let x(s) = -3*s - 37. Suppose 1368 = -1231*o + 1155*o. Give x(o).
17
Suppose 13*h = 12*h. Suppose h = 4*d - j - 27, -9 + 0 = -3*d - 3*j. Suppose -d*v - 11 = -29. Let f(x) = -x**3 + 3*x**2 - 3*x + 2. Calculate f(v).
-7
Let z(s) = 2 - 46*s + 99*s - 51*s. What is z(-3)?
-4
Let y(r) be the third derivative of -7*r**6/120 - 7*r**5/60 + r**4/24 + 10496*r**2. Calculate y(-3).
123
Let a(s) = -2*s + 6. Suppose 2*j + 7 = 3. Let m be (854/(-21))/(j/3). Let i = -57 + m. Calculate a(i).
-2
Let q(w) be the first derivative of w**4/8 - w**3/3 + 68*w**2 - 86. Let c(h) be the second derivative of q(h). Give c(-2).
-8
Let l(p) = -15*p + 36. Let s(f) = 11*f - 32. Let u(d) = -2*l(d) - 3*s(d). Determine u(-10).
54
Let s(h) be the second derivative of -h**5/20 - h**4/2 - 5*h**3/6 + 3*h**2 + 1993*h. Give s(-3).
-6
Let g(q) = 18 - q**2 + 11 + 7 + 4*q - 50. What is g(10)?
-74
Let t(r) = 20*r + 11. Let w(k) be the second derivative of -7*k**3/6 - 2*k**2 - 32*k. Let f(q) = 6*t(q) + 17*w(q). What is f(-3)?
-5
Suppose 0 = -40*a + 3 - 123. Let k be a/(-18) - 522/(-108). Let n(l) = l**3 - 6*l**2 + 7*l - 4. Give n(k).
6
Let k(q) = q**3 + 65*q**2 - 64*q + 130. Let o be k(-66). Let y(t) = -4*t**2 + 3*t + 6. Calculate y(o).
-16
Let k(i) be the first derivative of -3*i**2 + 1/4*i**4 + 55 - i + 5/3*i**3. Let z(o) = 7*o**3 + 1. Let s be z(-1). What is k(s)?
-1
Suppose -403*a = -418*a + 45. Let k(c) be the second derivative of 1/6*c**a + 0 - 1/2*c**2 + 5*c. Give k(0).
-1
Let m(w) = -w**3 + 44*w**2 - 43*w + 40. Let o be m(43). Let s be o/(-260) + 230/(-26). Let h(a) = -a**2 - 9*a - 8. What is h(s)?
-8
Let p(u) = -3038*u + 1522*u + 1514*u + 30. What is p(9)?
12
Let t(v) = 20*v**2 + v. Let u(a) = 6. Let j(q) = -q + 5. Let r(i) = -5*j(i) + 4*u(i). Let s(l) = -l**3 + l**2 - l. Let w be s(0). Let y be r(w). Determine t(y).
19
Let d(w) = -w**2 - 2*w + 6. Suppose -123 = -16*x + 21. Suppose 0 = 3*i + x + 3. Give d(i).
-2
Let i(w) = -2*w**2 - w - 2. Suppose 4*x = 5*z + 52, -5*x - 32 = -47. Let q be (-6)/3 + 7 + z. Determine i(q).
-17
Let t be (1 - -4) + 0/(-12). Suppose 5*d + t*r - 40 = 0, 21 = 2*d + 4*r - 5. Suppose 3*a = -d*k + 2*k + 12, 2*a = 3*k + 19. Let n(f) = -f - 4. Give n(k).
-1
Suppose -c = -5*c + 12, c = -5*x + 718. Let q = x + -148. Let g(y) = y**2 - 5. Calculate g(q).
20
Let k(p) = -10 - 30 + 6 + 6*p + 3*p**2 + 32. Calculate k(4).
70
Suppose -26 = k + 1. Let o = 2 + 27. Let c = k + o. Let t(q) = q**2 - 2*q + 2. What is t(c)?
2
Let c(b) = -b - 3. Let f be c(-4). Let t(r) = -1 - r**2 - 2*r - 6*r**2 + 3. Let x be t(f). Let v(d) = d + 10. Give v(x).
3
Let d(j) be the first derivative of -2*j**2 + 24. Let s = 3 + -11. Let a(w) = w + 6. Let u be a(s). Calculate d(u).
8
Let l(x) = -x**3 - 5*x**2 + 3*x + 16. Let z(t) = 2*t**2 - 220*t - 4. Let j be z(110). Calculate l(j).
-12
Let m(j) = j**2 + 12*j - 39. Let f be (-2 + 3 - -2*8/24)*3. What is m(f)?
46
Let h(i) = -i**3 + 3*i**2 + 7*i - 12. Let z(w) = 137*w + 141. Let d be z(-1). What is h(d)?
0
Let v(c) = 2*c + 15. Suppose 23*w - 49 = 16*w. Suppose 24 = -w*u - 53. What is v(u)?
-7
Let s = -5 - -2. Let r(j) = -6*j + 1. Let o(b) = -11*b + 2. Let g(l) = s*o(l) + 5*r(l). Let i(k) = -2*k**3 - 3*k**2 + k + 6. Let n be i(0). Calculate g(n).
17
Let m(q) be the second derivative of q**4/12 - q**3/2 - 19*q**2 - 1971*q. Determine m(8).
2
Let x = 98 + -40. Suppose x*f - 54*f = -20. Let o(d) = -d**3 - 6*d**2 - 5*d + 2. Calculate o(f).
2
Suppose 3*z - 14 = 19. Let m be 6/(-14)*((-174)/29 + (-8)/(-6)). Suppose -k = -3*d - 3*k - z, 4*d - m*k + 38 = 0. Let s(y) = y**2 + 8*y + 7. Calculate s(d).
0
Let p = 75011 - 75018. Let n(a) = 3*a**2 - 4*a**2 + 3 - 2*a - 1. Determine n(p).
-33
Suppose -10*q - 2 = -12*q, 0 = 5*w + 3*q - 108. Let d(o) = o**3 - 20*o**2 - 18*o + 49. Calculate d(w).
112
Suppose 2*g - 12 = -2*g. Suppose -2*l + g = -l. Let i(d) = 16*d - 2. Let j(w) = 3*w. Let v(a) = 2*i(a) - 11*j(a). Give v(l).
-7
Let a(d) be the third derivative of -d**4/24 + 7*d**3 + 25*d**2 + 116. Determine a(17).
25
Let f(m) be the third derivative of m**4/12 - 3*m**3/2 + 615*m**2. What is f(6)?
3
Let f(h) be the first derivative of -22*h**4 + h**2 + h + 2336. Give f(-1).
87
Let o(b) = -b**3 - 4*b**2 + 5*b - 1. Let r be ((-38)/19)/((-8)/(-22))*10. Let h be (-100)/r + -2 + (-53)/11. Deter